{"id":77,"date":"2026-03-31T22:25:07","date_gmt":"2026-03-31T22:25:07","guid":{"rendered":"https:\/\/elvial.co\/?post_type=product&#038;p=77"},"modified":"2026-04-04T15:53:36","modified_gmt":"2026-04-04T15:53:36","slug":"sauvage-dior-eau-de-parfum","status":"publish","type":"product","link":"https:\/\/elvial.co\/?product=sauvage-dior-eau-de-parfum","title":{"rendered":"Sauvage   Dior  Eau de Parfum"},"content":{"rendered":"","protected":false},"excerpt":{"rendered":"<p>El frescor potente de Sauvage exhala nuevas facetas sensuales y misteriosas, renovando ampliamente la firma con una composici\u00f3n virtuosa.La Bergamota de Calabria, siempre tan chispeante y jugosa, incorpora nuevas notas especiadas, aport\u00e1ndole profundidad y sensualidad. Por su parte, la estela amaderada y ambarina del Ambroxan se envuelve en un absoluto de Vainilla de Pap\u00faa Nueva Guinea, con acentos ahumados que aportan masculinidad.<\/p>\n<p class=\"ng-star-inserted\"><span class=\"ng-star-inserted\"><strong>\u00bfA qu\u00e9 huele?<\/strong> <\/span><\/p>\n<p class=\"ng-star-inserted\"><span class=\"ng-star-inserted\">Frescura intensa con un fondo c\u00e1lido y masculino. Proyecci\u00f3n moderna y magn\u00e9tica.<\/span><\/p>\n<p class=\"ng-star-inserted\"><strong><span class=\"ng-star-inserted\">Usos ideales:<\/span><\/strong><br class=\"ng-star-inserted\" \/><span class=\"ng-star-inserted\">Citas y salidas nocturnas<\/span><br class=\"ng-star-inserted\" \/><span class=\"ng-star-inserted\">Oficina (si no se abusa)<\/span><br class=\"ng-star-inserted\" \/><span class=\"ng-star-inserted\">D\u00eda y noche en clima templado<\/span><br class=\"ng-star-inserted\" \/><span class=\"ng-star-inserted\">Hombres que buscan un aroma vers\u00e1til pero imponente<\/span><\/p>\n","protected":false},"featured_media":78,"comment_status":"open","ping_status":"closed","template":"","meta":{"rs_blank_template":"","rs_page_bg_color":"","slide_template_v7":"","_joinchat":[]},"product_brand":[],"product_cat":[28,17,22],"product_tag":[],"class_list":{"0":"post-77","1":"product","2":"type-product","3":"status-publish","4":"has-post-thumbnail","6":"product_cat-amaderado","7":"product_cat-fragancias-masculinas","8":"product_cat-mas-vendidos","10":"first","11":"instock","12":"shipping-taxable","13":"purchasable","14":"product-type-simple","15":"wpzoom-wc-spi-has-enabled"},"_links":{"self":[{"href":"https:\/\/elvial.co\/index.php?rest_route=\/wp\/v2\/product\/77","targetHints":{"allow":["GET"]}}],"collection":[{"href":"https:\/\/elvial.co\/index.php?rest_route=\/wp\/v2\/product"}],"about":[{"href":"https:\/\/elvial.co\/index.php?rest_route=\/wp\/v2\/types\/product"}],"replies":[{"embeddable":true,"href":"https:\/\/elvial.co\/index.php?rest_route=%2Fwp%2Fv2%2Fcomments&post=77"}],"wp:featuredmedia":[{"embeddable":true,"href":"https:\/\/elvial.co\/index.php?rest_route=\/wp\/v2\/media\/78"}],"wp:attachment":[{"href":"https:\/\/elvial.co\/index.php?rest_route=%2Fwp%2Fv2%2Fmedia&parent=77"}],"wp:term":[{"taxonomy":"product_brand","embeddable":true,"href":"https:\/\/elvial.co\/index.php?rest_route=%2Fwp%2Fv2%2Fproduct_brand&post=77"},{"taxonomy":"product_cat","embeddable":true,"href":"https:\/\/elvial.co\/index.php?rest_route=%2Fwp%2Fv2%2Fproduct_cat&post=77"},{"taxonomy":"product_tag","embeddable":true,"href":"https:\/\/elvial.co\/index.php?rest_route=%2Fwp%2Fv2%2Fproduct_tag&post=77"}],"curies":[{"name":"wp","href":"https:\/\/api.w.org\/{rel}","templated":true}]}}