{"id":632,"date":"2026-04-22T21:31:35","date_gmt":"2026-04-22T21:31:35","guid":{"rendered":"https:\/\/elvial.co\/?post_type=product&#038;p=632"},"modified":"2026-04-22T21:31:35","modified_gmt":"2026-04-22T21:31:35","slug":"212-heroes-men-carolina-herrera","status":"publish","type":"product","link":"https:\/\/elvial.co\/?product=212-heroes-men-carolina-herrera","title":{"rendered":"212 Heroes Men-Carolina Herrera"},"content":{"rendered":"","protected":false},"excerpt":{"rendered":"<p data-start=\"0\" data-end=\"433\">Una fragancia moderna y vibrante para hombres que quieren proyectar juventud, confianza y estilo urbano en cualquier ocasi\u00f3n.<br data-start=\"125\" data-end=\"128\" \/><strong data-start=\"128\" data-end=\"166\">212 Heroes Men de Carolina Herrera<\/strong> es un perfume masculino fresco y atrevido que mezcla frutas jugosas, notas arom\u00e1ticas y un fondo sensual, creando un aroma actual y muy atractivo. Lanzado en 2021, destaca tambi\u00e9n por su ic\u00f3nico frasco inspirado en una patineta.<\/p>\n<p data-start=\"435\" data-end=\"609\">\ud83d\udef9\ud83d\udd25 <strong data-start=\"440\" data-end=\"477\">212 Heroes Men \u2013 Carolina Herrera<\/strong><br data-start=\"477\" data-end=\"480\" \/>Joven, aut\u00e9ntico y lleno de actitud.<br data-start=\"516\" data-end=\"519\" \/>Una fragancia dise\u00f1ada para hombres que viven con libertad, energ\u00eda y personalidad propia.<\/p>\n<p data-start=\"611\" data-end=\"752\"><strong data-start=\"611\" data-end=\"633\">Notas principales:<\/strong><br data-start=\"633\" data-end=\"636\" \/>\ud83c\udf50 pera \u2013 cannabis lemon haze \u2013 jengibre \u2013 geranio \u2013 salvia \u2013 almizcle \u2013 cuero<\/p>\n<p data-start=\"754\" data-end=\"891\"><strong data-start=\"754\" data-end=\"771\">\u00bfA qu\u00e9 huele?<\/strong><br data-start=\"771\" data-end=\"774\" \/>A una mezcla fresca frutal con toque herbal moderno y fondo limpio de cuero suave. Juvenil, din\u00e1mico y muy agradable.<\/p>\n<p data-start=\"893\" data-end=\"1025\"><strong data-start=\"893\" data-end=\"910\">Usos ideales:<\/strong><br data-start=\"910\" data-end=\"913\" \/>\u2713 D\u00eda a d\u00eda<br data-start=\"924\" data-end=\"927\" \/>\u2713 Universidad u oficina<br data-start=\"950\" data-end=\"953\" \/>\u2713 Salidas casuales<br data-start=\"971\" data-end=\"974\" \/>\u2713 Citas rom\u00e1nticas<br data-start=\"992\" data-end=\"995\" \/>\u2713 Climas c\u00e1lidos y templados<\/p>\n<p data-start=\"1027\" data-end=\"1271\">\u2b50 <strong data-start=\"1029\" data-end=\"1064\">\u00bfPor qu\u00e9 elegir 212 Heroes Men?<\/strong><br data-start=\"1064\" data-end=\"1067\" \/>\u2713 Aroma moderno y diferente<br data-start=\"1094\" data-end=\"1097\" \/>\u2713 Fresco con toque seductor<br data-start=\"1124\" data-end=\"1127\" \/>\u2713 Ideal para hombres j\u00f3venes o de esp\u00edritu joven<br data-start=\"1175\" data-end=\"1178\" \/>\u2713 Excelente versatilidad para uso diario<br data-start=\"1218\" data-end=\"1221\" \/>\u2713 Fragancia con mucha personalidad y estilo urbano<\/p>\n","protected":false},"featured_media":633,"comment_status":"open","ping_status":"closed","template":"","meta":{"rs_blank_template":"","rs_page_bg_color":"","slide_template_v7":"","_joinchat":[]},"product_brand":[],"product_cat":[17],"product_tag":[],"class_list":{"0":"post-632","1":"product","2":"type-product","3":"status-publish","4":"has-post-thumbnail","6":"product_cat-fragancias-masculinas","8":"first","9":"instock","10":"shipping-taxable","11":"purchasable","12":"product-type-simple"},"_links":{"self":[{"href":"https:\/\/elvial.co\/index.php?rest_route=\/wp\/v2\/product\/632","targetHints":{"allow":["GET"]}}],"collection":[{"href":"https:\/\/elvial.co\/index.php?rest_route=\/wp\/v2\/product"}],"about":[{"href":"https:\/\/elvial.co\/index.php?rest_route=\/wp\/v2\/types\/product"}],"replies":[{"embeddable":true,"href":"https:\/\/elvial.co\/index.php?rest_route=%2Fwp%2Fv2%2Fcomments&post=632"}],"wp:featuredmedia":[{"embeddable":true,"href":"https:\/\/elvial.co\/index.php?rest_route=\/wp\/v2\/media\/633"}],"wp:attachment":[{"href":"https:\/\/elvial.co\/index.php?rest_route=%2Fwp%2Fv2%2Fmedia&parent=632"}],"wp:term":[{"taxonomy":"product_brand","embeddable":true,"href":"https:\/\/elvial.co\/index.php?rest_route=%2Fwp%2Fv2%2Fproduct_brand&post=632"},{"taxonomy":"product_cat","embeddable":true,"href":"https:\/\/elvial.co\/index.php?rest_route=%2Fwp%2Fv2%2Fproduct_cat&post=632"},{"taxonomy":"product_tag","embeddable":true,"href":"https:\/\/elvial.co\/index.php?rest_route=%2Fwp%2Fv2%2Fproduct_tag&post=632"}],"curies":[{"name":"wp","href":"https:\/\/api.w.org\/{rel}","templated":true}]}}