{"id":600,"date":"2026-04-21T23:17:17","date_gmt":"2026-04-21T23:17:17","guid":{"rendered":"https:\/\/elvial.co\/?post_type=product&#038;p=600"},"modified":"2026-04-21T23:17:17","modified_gmt":"2026-04-21T23:17:17","slug":"lacoste-noir","status":"publish","type":"product","link":"https:\/\/elvial.co\/?product=lacoste-noir","title":{"rendered":"Lacoste Noir"},"content":{"rendered":"","protected":false},"excerpt":{"rendered":"<p data-start=\"0\" data-end=\"377\">Una fragancia elegante y seductora para hombres que quieren proyectar confianza, misterio y estilo moderno.<br data-start=\"107\" data-end=\"110\" \/><strong data-start=\"110\" data-end=\"156\">Lacoste Noir \/ Eau de Lacoste L.12.12 Noir<\/strong> es un perfume masculino sofisticado que combina frutas frescas, notas arom\u00e1ticas y un fondo c\u00e1lido amaderado, creando un aroma atractivo y muy vers\u00e1til.<br data-start=\"309\" data-end=\"312\" \/>Perfecto para hombres seguros, relajados y con presencia natural.<\/p>\n<p data-start=\"379\" data-end=\"512\">\ud83d\udda4\ud83d\udc0a <strong data-start=\"384\" data-end=\"400\">Lacoste Noir<\/strong><br data-start=\"400\" data-end=\"403\" \/>Seductor, moderno y naturalmente elegante.<br data-start=\"445\" data-end=\"448\" \/>Una fragancia pensada para destacar con discreci\u00f3n y buen gusto.<\/p>\n<p data-start=\"514\" data-end=\"620\"><strong data-start=\"514\" data-end=\"536\">Notas principales:<\/strong><br data-start=\"536\" data-end=\"539\" \/>\ud83c\udf49 sand\u00eda \u2013 albahaca \u2013 verbena \u2013 lavanda \u2013 chocolate negro \u2013 cashmeran \u2013 cumarina<\/p>\n<p data-start=\"622\" data-end=\"734\"><strong data-start=\"622\" data-end=\"639\">\u00bfA qu\u00e9 huele?<\/strong><br data-start=\"639\" data-end=\"642\" \/>A una mezcla fresca frutal con un fondo c\u00e1lido y masculino. Limpio, moderno y muy agradable.<\/p>\n<p data-start=\"736\" data-end=\"877\"><strong data-start=\"736\" data-end=\"753\">Usos ideales:<\/strong><br data-start=\"753\" data-end=\"756\" \/>\u2713 Citas rom\u00e1nticas<br data-start=\"774\" data-end=\"777\" \/>\u2713 Salidas nocturnas<br data-start=\"796\" data-end=\"799\" \/>\u2713 D\u00eda a d\u00eda con estilo<br data-start=\"821\" data-end=\"824\" data-is-only-node=\"\" \/>\u2713 Reuniones casuales<br data-start=\"844\" data-end=\"847\" \/>\u2713 Climas templados y frescos<\/p>\n<p data-start=\"879\" data-end=\"1101\" data-is-last-node=\"\" data-is-only-node=\"\">\u2b50 <strong data-start=\"881\" data-end=\"914\">\u00bfPor qu\u00e9 elegir Lacoste Noir?<\/strong><br data-start=\"914\" data-end=\"917\" \/>\u2713 Aroma atractivo y vers\u00e1til<br data-start=\"945\" data-end=\"948\" \/>\u2713 Fresco con toque c\u00e1lido seductor<br data-start=\"982\" data-end=\"985\" \/>\u2713 Ideal para hombres modernos y seguros<br data-start=\"1024\" data-end=\"1027\" \/>\u2713 Excelente para d\u00eda o noche<br data-start=\"1055\" data-end=\"1058\" \/>\u2713 Fragancia elegante que recibe cumplidos<\/p>\n","protected":false},"featured_media":601,"comment_status":"open","ping_status":"closed","template":"","meta":{"rs_blank_template":"","rs_page_bg_color":"","slide_template_v7":"","_joinchat":[]},"product_brand":[],"product_cat":[17,27],"product_tag":[],"class_list":{"0":"post-600","1":"product","2":"type-product","3":"status-publish","4":"has-post-thumbnail","6":"product_cat-fragancias-masculinas","7":"product_cat-fresco","9":"first","10":"instock","11":"shipping-taxable","12":"purchasable","13":"product-type-simple"},"_links":{"self":[{"href":"https:\/\/elvial.co\/index.php?rest_route=\/wp\/v2\/product\/600","targetHints":{"allow":["GET"]}}],"collection":[{"href":"https:\/\/elvial.co\/index.php?rest_route=\/wp\/v2\/product"}],"about":[{"href":"https:\/\/elvial.co\/index.php?rest_route=\/wp\/v2\/types\/product"}],"replies":[{"embeddable":true,"href":"https:\/\/elvial.co\/index.php?rest_route=%2Fwp%2Fv2%2Fcomments&post=600"}],"wp:featuredmedia":[{"embeddable":true,"href":"https:\/\/elvial.co\/index.php?rest_route=\/wp\/v2\/media\/601"}],"wp:attachment":[{"href":"https:\/\/elvial.co\/index.php?rest_route=%2Fwp%2Fv2%2Fmedia&parent=600"}],"wp:term":[{"taxonomy":"product_brand","embeddable":true,"href":"https:\/\/elvial.co\/index.php?rest_route=%2Fwp%2Fv2%2Fproduct_brand&post=600"},{"taxonomy":"product_cat","embeddable":true,"href":"https:\/\/elvial.co\/index.php?rest_route=%2Fwp%2Fv2%2Fproduct_cat&post=600"},{"taxonomy":"product_tag","embeddable":true,"href":"https:\/\/elvial.co\/index.php?rest_route=%2Fwp%2Fv2%2Fproduct_tag&post=600"}],"curies":[{"name":"wp","href":"https:\/\/api.w.org\/{rel}","templated":true}]}}