{"id":322,"date":"2026-04-04T16:05:00","date_gmt":"2026-04-04T16:05:00","guid":{"rendered":"https:\/\/elvial.co\/?page_id=322"},"modified":"2026-04-04T17:01:53","modified_gmt":"2026-04-04T17:01:53","slug":"politicas-de-envio","status":"publish","type":"page","link":"https:\/\/elvial.co\/?page_id=322","title":{"rendered":"Pol\u00edticas de envio"},"content":{"rendered":"\t\t<div data-elementor-type=\"wp-page\" data-elementor-id=\"322\" class=\"elementor elementor-322\">\n\t\t\t\t<div class=\"elementor-element elementor-element-b426846 e-flex e-con-boxed e-con e-parent\" data-id=\"b426846\" data-element_type=\"container\" data-e-type=\"container\">\n\t\t\t\t\t<div class=\"e-con-inner\">\n\t\t<div class=\"elementor-element elementor-element-6af9440 e-con-full e-flex e-con e-child\" data-id=\"6af9440\" data-element_type=\"container\" data-e-type=\"container\">\n\t\t\t\t<div class=\"elementor-element elementor-element-03c08bb elementor-widget elementor-widget-image\" data-id=\"03c08bb\" data-element_type=\"widget\" data-e-type=\"widget\" data-widget_type=\"image.default\">\n\t\t\t\t\t\t\t\t\t\t\t\t\t\t\t<img decoding=\"async\" width=\"200\" height=\"200\" src=\"https:\/\/elvial.co\/wp-content\/uploads\/2026\/04\/logo-envia.jpg\" class=\"elementor-animation-float attachment-large size-large wp-image-326\" alt=\"\" srcset=\"https:\/\/elvial.co\/wp-content\/uploads\/2026\/04\/logo-envia.jpg 200w, https:\/\/elvial.co\/wp-content\/uploads\/2026\/04\/logo-envia-150x150.jpg 150w, https:\/\/elvial.co\/wp-content\/uploads\/2026\/04\/logo-envia-100x100.jpg 100w\" sizes=\"(max-width: 200px) 100vw, 200px\" \/>\t\t\t\t\t\t\t\t\t\t\t\t\t\t\t<\/div>\n\t\t\t\t<\/div>\n\t\t<div class=\"elementor-element elementor-element-7a20080 e-con-full e-flex e-con e-child\" data-id=\"7a20080\" data-element_type=\"container\" data-e-type=\"container\">\n\t\t\t\t<div class=\"elementor-element elementor-element-44a4368 elementor-widget elementor-widget-image\" data-id=\"44a4368\" data-element_type=\"widget\" data-e-type=\"widget\" data-widget_type=\"image.default\">\n\t\t\t\t\t\t\t\t\t\t\t\t\t\t\t<img decoding=\"async\" width=\"200\" height=\"200\" src=\"https:\/\/elvial.co\/wp-content\/uploads\/2026\/04\/logo-servientrega.jpg\" class=\"elementor-animation-float attachment-large size-large wp-image-324\" alt=\"\" srcset=\"https:\/\/elvial.co\/wp-content\/uploads\/2026\/04\/logo-servientrega.jpg 200w, https:\/\/elvial.co\/wp-content\/uploads\/2026\/04\/logo-servientrega-150x150.jpg 150w, https:\/\/elvial.co\/wp-content\/uploads\/2026\/04\/logo-servientrega-100x100.jpg 100w\" sizes=\"(max-width: 200px) 100vw, 200px\" \/>\t\t\t\t\t\t\t\t\t\t\t\t\t\t\t<\/div>\n\t\t\t\t<\/div>\n\t\t<div class=\"elementor-element elementor-element-d4f5b6d e-con-full e-flex e-con e-child\" data-id=\"d4f5b6d\" data-element_type=\"container\" data-e-type=\"container\">\n\t\t\t\t<div class=\"elementor-element elementor-element-516cbc0 elementor-widget elementor-widget-image\" data-id=\"516cbc0\" data-element_type=\"widget\" data-e-type=\"widget\" data-widget_type=\"image.default\">\n\t\t\t\t\t\t\t\t\t\t\t\t\t\t\t<img decoding=\"async\" width=\"200\" height=\"200\" src=\"https:\/\/elvial.co\/wp-content\/uploads\/2026\/04\/logo-interrapidisimo.jpg\" class=\"elementor-animation-float attachment-large size-large wp-image-325\" alt=\"\" srcset=\"https:\/\/elvial.co\/wp-content\/uploads\/2026\/04\/logo-interrapidisimo.jpg 200w, https:\/\/elvial.co\/wp-content\/uploads\/2026\/04\/logo-interrapidisimo-150x150.jpg 150w, https:\/\/elvial.co\/wp-content\/uploads\/2026\/04\/logo-interrapidisimo-100x100.jpg 100w\" sizes=\"(max-width: 200px) 100vw, 200px\" \/>\t\t\t\t\t\t\t\t\t\t\t\t\t\t\t<\/div>\n\t\t\t\t<\/div>\n\t\t\t\t\t<\/div>\n\t\t\t\t<\/div>\n\t\t<div class=\"elementor-element elementor-element-ba9c28d e-flex e-con-boxed e-con e-parent\" data-id=\"ba9c28d\" data-element_type=\"container\" data-e-type=\"container\">\n\t\t\t\t\t<div class=\"e-con-inner\">\n\t\t\t\t<div class=\"elementor-element elementor-element-02a8c09 elementor-widget elementor-widget-heading\" data-id=\"02a8c09\" data-element_type=\"widget\" data-e-type=\"widget\" data-widget_type=\"heading.default\">\n\t\t\t\t\t<h2 class=\"elementor-heading-title elementor-size-default\">Aliados\n<\/h2>\t\t\t\t<\/div>\n\t\t\t\t<div class=\"elementor-element elementor-element-2cb6b71 elementor-widget elementor-widget-heading\" data-id=\"2cb6b71\" data-element_type=\"widget\" data-e-type=\"widget\" data-widget_type=\"heading.default\">\n\t\t\t\t\t<h2 class=\"elementor-heading-title elementor-size-default\">Trabajamos en conjunto con empresas transportadoras confiables para garantizar la entrega de tus\nproductos en el menor tiempo posible y en condiciones \u00f3ptimas. Nos aseguramos de elegir aliados que\ncumplan con altos est\u00e1ndares de calidad y seguridad en cada env\u00edo.\n<\/h2>\t\t\t\t<\/div>\n\t\t\t\t<div class=\"elementor-element elementor-element-71e21c5 elementor-widget elementor-widget-heading\" data-id=\"71e21c5\" data-element_type=\"widget\" data-e-type=\"widget\" data-widget_type=\"heading.default\">\n\t\t\t\t\t<h2 class=\"elementor-heading-title elementor-size-default\">Tiempos de env\u00edo\n<\/h2>\t\t\t\t<\/div>\n\t\t\t\t<div class=\"elementor-element elementor-element-68b05a1 elementor-widget elementor-widget-heading\" data-id=\"68b05a1\" data-element_type=\"widget\" data-e-type=\"widget\" data-widget_type=\"heading.default\">\n\t\t\t\t\t<h2 class=\"elementor-heading-title elementor-size-default\">El tiempo estimado para procesar y entregar los pedidos es de 1 a 7 d\u00edas h\u00e1biles, seg\u00fan la ubicaci\u00f3n\ngeogr\u00e1fica del cliente. Durante temporadas de alta demanda, los tiempos de procesamiento pueden\nextenderse ligeramente.<\/h2>\t\t\t\t<\/div>\n\t\t\t\t\t<\/div>\n\t\t\t\t<\/div>\n\t\t<div class=\"elementor-element elementor-element-0910fb8 e-flex e-con-boxed e-con e-parent\" data-id=\"0910fb8\" data-element_type=\"container\" data-e-type=\"container\">\n\t\t\t\t\t<div class=\"e-con-inner\">\n\t\t\t\t<div class=\"elementor-element elementor-element-c2f4863 elementor-widget elementor-widget-heading\" data-id=\"c2f4863\" data-element_type=\"widget\" data-e-type=\"widget\" data-widget_type=\"heading.default\">\n\t\t\t\t\t<h2 class=\"elementor-heading-title elementor-size-default\">Cobertura\n<\/h2>\t\t\t\t<\/div>\n\t\t\t\t<div class=\"elementor-element elementor-element-6839119 elementor-widget elementor-widget-heading\" data-id=\"6839119\" data-element_type=\"widget\" data-e-type=\"widget\" data-widget_type=\"heading.default\">\n\t\t\t\t\t<h2 class=\"elementor-heading-title elementor-size-default\">Realizamos env\u00edos \u00fanicamente dentro del territorio colombiano. Por el momento, no contamos con\nservicio de env\u00edos internacionales.<\/h2>\t\t\t\t<\/div>\n\t\t\t\t<div class=\"elementor-element elementor-element-0116535 elementor-widget elementor-widget-heading\" data-id=\"0116535\" data-element_type=\"widget\" data-e-type=\"widget\" data-widget_type=\"heading.default\">\n\t\t\t\t\t<h2 class=\"elementor-heading-title elementor-size-default\">Tarifas de Env\u00edo\n<\/h2>\t\t\t\t<\/div>\n\t\t\t\t<div class=\"elementor-element elementor-element-66fc988 elementor-widget elementor-widget-heading\" data-id=\"66fc988\" data-element_type=\"widget\" data-e-type=\"widget\" data-widget_type=\"heading.default\">\n\t\t\t\t\t<h2 class=\"elementor-heading-title elementor-size-default\">El costo de env\u00edo es de $20.000 pesos para entregas a nivel nacional.\n<\/h2>\t\t\t\t<\/div>\n\t\t\t\t<div class=\"elementor-element elementor-element-dbebc13 elementor-widget elementor-widget-heading\" data-id=\"dbebc13\" data-element_type=\"widget\" data-e-type=\"widget\" data-widget_type=\"heading.default\">\n\t\t\t\t\t<h2 class=\"elementor-heading-title elementor-size-default\">Retraso del Env\u00edo\n<\/h2>\t\t\t\t<\/div>\n\t\t\t\t<div class=\"elementor-element elementor-element-a9952fe elementor-widget elementor-widget-heading\" data-id=\"a9952fe\" data-element_type=\"widget\" data-e-type=\"widget\" data-widget_type=\"heading.default\">\n\t\t\t\t\t<h2 class=\"elementor-heading-title elementor-size-default\">\nNo nos hacemos responsables por retrasos ocasionados por condiciones clim\u00e1ticas, dificultades del\ntransportador, situaciones log\u00edsticas externas o cualquier circunstancia fuera de nuestro control.\n<\/h2>\t\t\t\t<\/div>\n\t\t\t\t\t<\/div>\n\t\t\t\t<\/div>\n\t\t\t\t<\/div>\n\t\t","protected":false},"excerpt":{"rendered":"<p>Aliados Trabajamos en conjunto con empresas transportadoras confiables para garantizar la entrega de tus productos en el menor tiempo posible&#8230;<\/p>\n","protected":false},"author":2,"featured_media":0,"parent":0,"menu_order":0,"comment_status":"closed","ping_status":"closed","template":"","meta":{"rs_blank_template":"","rs_page_bg_color":"","slide_template_v7":"","_joinchat":[],"footnotes":""},"class_list":["post-322","page","type-page","status-publish","hentry"],"_links":{"self":[{"href":"https:\/\/elvial.co\/index.php?rest_route=\/wp\/v2\/pages\/322","targetHints":{"allow":["GET"]}}],"collection":[{"href":"https:\/\/elvial.co\/index.php?rest_route=\/wp\/v2\/pages"}],"about":[{"href":"https:\/\/elvial.co\/index.php?rest_route=\/wp\/v2\/types\/page"}],"author":[{"embeddable":true,"href":"https:\/\/elvial.co\/index.php?rest_route=\/wp\/v2\/users\/2"}],"replies":[{"embeddable":true,"href":"https:\/\/elvial.co\/index.php?rest_route=%2Fwp%2Fv2%2Fcomments&post=322"}],"version-history":[{"count":5,"href":"https:\/\/elvial.co\/index.php?rest_route=\/wp\/v2\/pages\/322\/revisions"}],"predecessor-version":[{"id":341,"href":"https:\/\/elvial.co\/index.php?rest_route=\/wp\/v2\/pages\/322\/revisions\/341"}],"wp:attachment":[{"href":"https:\/\/elvial.co\/index.php?rest_route=%2Fwp%2Fv2%2Fmedia&parent=322"}],"curies":[{"name":"wp","href":"https:\/\/api.w.org\/{rel}","templated":true}]}}